q(y).
-7
Let m(j) = j + 8. Let h be m(-8). Let o(i) = -3*i - i - i**2 + 3 + h*i**2 - i. Calculate o(-5).
3
Suppose z = -3*j - 12 - 1, -3*z + 2*j = -16. Suppose 0 = 3*u - 3*x - 6, z - 7 = 5*x. Let l(k) = 4*k - 1. Determine l(u).
3
Suppose 0*j = 5*j - 15. Let z(y) = -y**3 - y**2 + 6. Let o(n) = n**3 - n - 7. Let k(l) = j*o(l) + 4*z(l). Calculate k(-3).
3
Let v(s) = 1 - 2 - s + 15. Determine v(6).
8
Let j(o) = -o**3 - o**2 + o - 1. Let t(a) = -7*a**3 + 5*a**2 - 5*a + 4. Let v(w) = 5*j(w) + t(w). Give v(-1).
11
Suppose 2*z = 30 + 18. Suppose 3*g - z = -4*m, -3*g + 35 = 2*g + 5*m. Let n(u) = u + 3. What is n(g)?
7
Let v(y) = -y**2. Let u(h) = 2*h**2 + h - 5. Let d(g) = -u(g) - v(g). Let n(b) = 3*b**3 - b**2 - b - 1. Let o be n(-1). Give d(o).
-7
Let t(x) = -x**2 + 2*x + 3. Let g be t(3). Suppose 6 = 3*q - g. Suppose -10 = s - q*s + 4*k, -4*s = k + 11. Let j(v) = v**3 + 2*v**2 + 2. Give j(s).
2
Let t(s) = s**2 + 6*s + 1. Let k be t(-6). Let w(b) be the first derivative of b**3/3 - b**2/2 - 2. Determine w(k).
0
Let b(x) be the second derivative of -x**4/12 - x**3 - x**2 + 12*x. Give b(-4).
6
Let n = 45 - 39. Let z(c) = -c**2 + 8*c - 3. Give z(n).
9
Let o(v) = -5*v**3 - 3*v**2 + 12*v + 6. Let c(j) = -14*j**3 - 9*j**2 + 35*j + 18. Let y(h) = 4*c(h) - 11*o(h). What is y(-5)?
16
Let r(w) = w**2 - 6*w + 3. Suppose 33*b = 30*b + 12. What is r(b)?
-5
Suppose 5*f + 5 = 4*f. Let p(v) = -v**2 - 6*v - 5. What is p(f)?
0
Suppose -2*t - 13 = -19. Let h(q) = q - 2. Determine h(t).
1
Let q(o) = o + 4. Suppose 3*s - 4*m = -14, 4*m = 4*s + s + 18. Let h = s + 1. Let b(z) = z**3 + z**2 - z - 1. Let l be b(h). Calculate q(l).
4
Let d(z) = -z - 1. Let b(o) = -8*o - 8. Let a(y) = -b(y) + 6*d(y). Give a(2).
6
Let n(d) = d**3 + 6*d**2 - d - 8. Let q be 18/(-4)*(-48)/(-36). Determine n(q).
-2
Let i(w) = -2*w - 1. Let s(b) = b. Let n(z) = i(z) + 3*s(z). Let v(d) = 2. Let j(o) = n(o) + v(o). Determine j(-5).
-4
Let l(p) = -p**2 - 8*p - 5. Suppose 2*m - 2*t = 3*t - 30, -3*t + 12 = 0. What is l(m)?
10
Suppose 0 = -3*p + 2*o + 2, -2*o - 2*o = -8. Suppose 0 = -3*g + 4*g - 5. Let s(m) = -g*m + 6*m + 4*m. What is s(p)?
10
Let k(p) = 13*p**2 - 3*p**2 - 2 + 2 + 13 - 4*p**3 - 11*p. Let r(o) = -5*o**3 + 11*o**2 - 12*o + 14. Let j(h) = -6*k(h) + 5*r(h). What is j(-6)?
-8
Let t = -110 - -105. Let a(x) = x - 7. Calculate a(t).
-12
Let z(l) = -17*l**2 - 10*l - 5. Let p(j) = 33*j**2 + 18*j + 9. Let r(b) = -6*p(b) - 11*z(b). What is r(-1)?
-12
Let m(g) = -g + 10. Suppose 0*y = -y. Give m(y).
10
Let q be 1/2 + 7/(-2). Let c(l) = l**3 + 5*l**2 + 4*l + 3. Determine c(q).
9
Let n(o) = 2*o**2 - 5*o + 8. Let l(f) = f**2 - 3*f + 5. Suppose -5 = -2*x - 21. Let c(w) = x*l(w) + 5*n(w). Give c(2).
6
Suppose 0 = -4*q + 5*z - 23, -z + 0 - 1 = 0. Let r = -4 - q. Let o(w) = -2*w**2 + 4*w - 1. Calculate o(r).
-7
Let u(r) be the second derivative of -r**5/20 - 5*r**4/12 + r**3/6 - 5*r**2/2 - 2*r - 95. Let x = -1 + 2. Let y be (1/4 + x)*-4. Give u(y).
-10
Let c(s) = 4*s + 1. Suppose 11 = -o + 8. Give c(o).
-11
Suppose -3*r + r = -4. Let z(b) = b**3 - 2*b**2 - b. What is z(r)?
-2
Let u = 6 - 6. Let n(w) = u + 1 - 1 + 3*w - 1. What is n(3)?
8
Let s(f) = 7*f**3 - 11*f**2 + 8*f - 6. Let h(c) = -13*c**3 + 21*c**2 - 15*c + 11. Let o(m) = -6*h(m) - 11*s(m). Calculate o(3).
-12
Let q(v) = -6*v + 1. Let f(x) = 13*x - 2. Let b(z) = -4*f(z) - 9*q(z). Let s be 0/(-3) + 2*1. Let k be 3 + (s - 3)*-1. Calculate b(k).
7
Let w(k) = 3*k**3 - 3*k**2 + 5*k + 4. Let u(q) = 2*q**3 - 3*q**2 + 4*q + 4. Let f(t) = 4*u(t) - 3*w(t). Calculate f(-4).
16
Let g(f) be the first derivative of -4 + 6*f - 1/3*f**3 - 3/2*f**2. Let q(r) = r**2 - 4*r - 1. Let w be q(2). Give g(w).
-4
Suppose -12 = -u - 3*v - 0*v, -2*u = 3*v - 15. Let g(r) be the second derivative of -1/2*r**3 + 0 + r + 1/12*r**4 - 2*r**2. What is g(u)?
-4
Let v(c) = c. Let s be v(3). Suppose -3*u - s*l = -5*l - 6, l = -2*u + 11. Let j(b) = b**3 - 4*b**2 + 2*b - 3. Give j(u).
5
Let n(h) = 1 + h - 3*h**2 + 2*h**2 + 0*h. Let v be n(2). Let l(x) be the third derivative of x**4/4 + x**3/6 - x**2. Give l(v).
-5
Let v = -9 + 15. Let u(h) = -2*h - 5 + v*h + 7. What is u(-3)?
-10
Let l be 0/1 - (-4 - -2). Let o(h) = -h + 1. Let v be o(l). Let k(p) = 3*p**2. What is k(v)?
3
Let g(o) = -o**2 + o + 2. Let i be g(2). Let h(q) be the second derivative of -q**3/6 - q + 1. What is h(i)?
0
Let d(a) = a**2 - 2*a + 2. Let o be d(0). Let c(t) be the second derivative of 4*t + 0 - 1/3*t**3 + t**o. What is c(3)?
-4
Let h = 14 - 9. Let w = h + -8. Let y(i) be the third derivative of i**6/120 + i**5/15 + i**4/24 - 2*i**3/3 - i**2. Determine y(w).
2
Suppose -4*f + 14 = -2*b + 4*b, -5*f - 4*b = -13. Let m(n) = n**3 - 5*n**2 + n - 3. Give m(f).
2
Let f(v) = 6 - 6 - 2*v + 0. What is f(-1)?
2
Let x = 7 - 2. Let y(t) = -8 - 3 - t + 4 + 8. Determine y(x).
-4
Let o(t) = -t**3 + 5*t**2 + 1. Let h be (-1)/2*(0 + 0). Let s be (-10)/(-4)*(h + 2). Determine o(s).
1
Let j(a) be the first derivative of a**2/2 - 3*a + 15. What is j(2)?
-1
Let g(b) be the third derivative of b**5/60 - 5*b**4/24 + b**3/2 - 8*b**2. What is g(4)?
-1
Let a(k) be the third derivative of -1/60*k**5 + 0 - 1/4*k**4 + 0*k + k**2 + 1/6*k**3. Let m(o) = o**2 + 10*o + 10. Let q be m(-8). Calculate a(q).
1
Let x(n) be the first derivative of n - 2 - 1/2*n**2 + 1/3*n**3. Suppose -3*k + 10 = 2*k. Give x(k).
3
Let v(f) = 2*f**3 + 9*f**2 - 4. Let c(n) = -5*n**3 - 19*n**2 + 8. Let m(q) = -3*c(q) - 7*v(q). What is m(6)?
4
Let h be (4/(-10))/((-3)/15). Let s = 3 - h. Let n(k) be the first derivative of 3*k**4/4 + k - 9. Calculate n(s).
4
Let u be 1 + (-2)/((-4)/(-6)). Let l(g) be the first derivative of 2*g**2 - g - 2. Calculate l(u).
-9
Let q(m) = -m**3 - m - 1. Let u be (4 - 2)*(-2)/4. Let w be -2*u/2*-2. Let i = -4 - w. Determine q(i).
9
Let v(u) = -u - 4. Let c(r) = -r**3 + 7*r**2 - 6*r + 4. Suppose 45 = -4*h + 2*z + z, h - 4*z = -8. Let n be (-30)/(-4)*h/(-15). Let f be c(n). What is v(f)?
-8
Suppose -2*n - d - d = 8, 0 = -n - 5*d - 12. Let m(h) = -h**2 - h. Give m(n).
-2
Suppose -r - 4 = w, -3*r + 12 = -5*w - 0*w. Let n(u) = u**3 + 2*u**2 + u + 3. What is n(w)?
-9
Let s(l) = -2*l**2 - l. Suppose 2*m + 4 - 2 = 0. Let u(p) be the second derivative of -p**4/12 - p**3/6 - 4*p. Let f(g) = m*s(g) + u(g). Determine f(2).
4
Let j = -5 + 8. Let s(t) = t**2 - t - 2. Let r(o) = 3*o. Let h(m) = -m. Let l(y) = -2*h(y) - r(y). Let f(x) = j*l(x) - s(x). Calculate f(2).
-6
Suppose -n - 5 = -0. Let l = -4 - n. Let f(q) = -2*q**3 + 2*q**2 - 2*q + 1. Calculate f(l).
-1
Suppose -16 = 4*p - 40. Let u(b) = 3 - 3*b**2 - b**3 + 6*b - 2*b**2 + p. Calculate u(-6).
9
Let x(u) = u**3 - 2*u**2 - 3*u. Let p be x(3). Let l(q) be the third derivative of -1/8*q**4 - 2/3*q**3 + p*q + 0 - 2*q**2. Determine l(-4).
8
Let l be ((-12)/7)/(2/(-21)). Suppose 5*p + 0 = -15, 0 = -4*v + 2*p + l. Let r(n) = -n**3 + n**2 + 5*n - 3. Determine r(v).
-6
Let g(w) = -w**2. Let p be ((-5)/2 + 1)*-2. Suppose -2*c = p*c. Let o be g(c). Let v(y) = -y + 5. Give v(o).
5
Suppose 0 = 4*o - 7 + 19. Let s(l) = -l**2 + l + 2. Let m(z) be the third derivative of -z**5/60 + z**3/2 + z**2. Let w(a) = o*s(a) + 4*m(a). What is w(-5)?
-4
Let t(l) = -14 + 26 + l - l**2 + 0*l**2 - 14. What is t(3)?
-8
Suppose 1 = 3*v - 2*v. Suppose -1 - v = m. Let j(l) = l + 1. Calculate j(m).
-1
Let v(y) = -1 - 7*y - 6*y + 4*y**3 + 2 + 12*y. Let h = 4 - 3. What is v(h)?
4
Let q(p) = -p**2 - 7*p + 9. Suppose -3*j - 12 = 3*u, -4*j + 1 = u - 4. Calculate q(u).
9
Let d(v) be the second derivative of 0 - 1/8*v**4 - 1/3*v**3 - 1/20*v**5 + 0*v**2 - 1/360*v**6 + v. Let f(y) be the second derivative of d(y). Determine f(-5).
2
Let p(n) = -7*n**3 + 7*n**2 - 17*n + 12. Let w(l) = -3*l**3 + 4*l**2 - 8*l + 6. Let x(h) = -2*p(h) + 5*w(h). Let v(i) = 2*i - 9. Let a be v(7). Give x(a).
1
Let i be (-1 + 3 + -2)/(-1). Let q(z) = -z**2 - 15. Determine q(i).
-15
Let k(f) = f**2 + 3*f + 1. Let h(c) = -c**2 - 3*c + 8. Let m be h(-4). Suppose -2*r + m = -3*r. Determine k(r).
5
Suppose -s - 5 = -1. Let w(u) = u + 1. Let n(b) = -b**2 + 2*b + 9. Let l(c) = -n(c) + 6*w(c). What is l(s)?
-3
Let b(o) be the first derivative of -o**2 + 7*o + 4. Determine b(5).
-3
Let h be ((-2)/3)/(1/(-3)). Suppose 0 = t - 0*t + h*y - 3, 0 = 5*y. Let x(a) = a**2 - 2*a - 2. W